7
In base 14, what is -1 - 11c?
-11d
In base 2, what is -11000011001001 + -11?
-11000011001100
In base 16, what is 157 - -1?
158
In base 14, what is 2c + -1?
2b
In base 14, what is -19 - 0?
-19
In base 15, what is -195 + -3?
-198
In base 12, what is -31 - 0?
-31
In base 14, what is -4 + 5?
1
In base 6, what is -5 + -2031?
-2040
In base 9, what is -8415 - 4?
-8420
In base 8, what is -4 + 6571?
6565
In base 8, what is -20 + -15?
-35
In base 4, what is -30232 - -113?
-30113
In base 7, what is 1 - 153?
-152
In base 11, what is 1 + -1594?
-1593
In base 6, what is -5 + 25221?
25212
In base 9, what is 3150 + 3?
3153
In base 8, what is -1 + 666?
665
In base 2, what is 1001111 - 1010?
1000101
In base 14, what is 24 - 24?
0
In base 8, what is -32 + 0?
-32
In base 10, what is -227 - 22?
-249
In base 3, what is 0 - -110201?
110201
In base 2, what is 11101100 - 101?
11100111
In base 11, what is 401 - 4?
3a8
In base 8, what is -653 - 3?
-656
In base 3, what is 221000 - -10?
221010
In base 6, what is 30 - 0?
30
In base 2, what is 11001011011 + -111?
11001010100
In base 6, what is 10 - -103?
113
In base 6, what is -13013 - 4?
-13021
In base 13, what is 79a - 1?
799
In base 4, what is 10 - 1313?
-1303
In base 9, what is -2 + 38?
36
In base 10, what is 126 + -32?
94
In base 9, what is 1 + -37?
-36
In base 16, what is 94 - -4?
98
In base 13, what is -1 + 21?
20
In base 3, what is -1 - -1102?
1101
In base 3, what is 1200 + -1011?
112
In base 9, what is 42 + 773?
825
In base 14, what is -2 - -44?
42
In base 9, what is 275 + -1?
274
In base 12, what is 4b - -9?
58
In base 14, what is -2 - 1d?
-21
In base 10, what is 5 - -115?
120
In base 7, what is 2366 - 14?
2352
In base 6, what is -51 + 53?
2
In base 10, what is 70 - -12?
82
In base 6, what is -152403 - -5?
-152354
In base 7, what is -26 + -12?
-41
In base 15, what is -6b1 + 2?
-6ae
In base 15, what is -5 - -1064?
105e
In base 15, what is 7 - 17b?
-174
In base 8, what is -1 + 2162?
2161
In base 9, what is 6 - 45?
-38
In base 11, what is 30 - -a?
3a
In base 2, what is 1000111001111 - -100?
1000111010011
In base 4, what is 120 - 3?
111
In base 9, what is 145 - -2?
147
In base 3, what is -120 - -22011?
21121
In base 13, what is 9 + 1?
a
In base 16, what is 2 + 3f?
41
In base 7, what is 2 - -215?
220
In base 6, what is 0 + -20111?
-20111
In base 8, what is 452 + -122?
330
In base 12, what is -4b - 2?
-51
In base 11, what is -104 + 7?
-a8
In base 6, what is -4 - -251?
243
In base 2, what is 110 + 100?
1010
In base 10, what is 58 + -53?
5
In base 8, what is 1 - 26?
-25
In base 16, what is f + -6e?
-5f
In base 3, what is 1210 + 112?
2022
In base 14, what is 5 + -3b2?
-3ab
In base 16, what is -4 - -1772?
176e
In base 8, what is 1102 - 3?
1077
In base 3, what is -2 + -10101020?
-10101022
In base 10, what is 52 - 53?
-1
In base 13, what is 12 + 6?
18
In base 3, what is 0 + -2101012?
-2101012
In base 7, what is 46 - 20?
26
In base 7, what is 435 + 2?
440
In base 16, what is 0 - 27?
-27
In base 16, what is 5 + -3c0?
-3bb
In base 14, what is 1 - 593?
-592
In base 5, what is -1 - -11?
10
In base 14, what is -16 - c4?
-da
In base 15, what is 4 - -1a?
1e
In base 4, what is 10 + 10?
20
In base 8, what is 6 - 55?
-47
In base 12, what is -1 - 2b?
-30
In base 8, what is 2 - -15?
17
In base 7, what is -5 + -103?
-111
In base 11, what is -448 - -5?
-443
In base 8, what is 1575 - 5?
1570
In base 11, what is -15 + 1?
-14
In base 14, what is 4 + 47?
4b
In base 6, what is -22 - 31?
-53
In base 13, what is -2 - -87?
85
In base 2, what is 111 + -11110?
-10111
In base 6, what is 113 - -505?
1022
In base 6, what is 21 - -14?
35
In base 15, what is 87 + -1?
86
In base 10, what is 35 + -99?
-64
In base 7, what is 0 + 116?
116
In base 6, what is -20 + -2155?
-2215
In base 9, what is 2 + -526?
-524
In base 15, what is 5 + 7e?
84
In base 15, what is -1 + 5?
4
In base 12, what is -1b - 103?
-122
In base 12, what is 72 + 38?
aa
In base 11, what is -235 + 13?
-222
In base 15, what is 1 - -e45?
e46
In base 10, what is 3 - 683?
-680
In base 15, what is -4ad - -5?
-4a8
In base 7, what is -11 - -2?
-6
In base 8, what is 401 - -4?
405
In base 9, what is -5 - 431?
-436
In base 12, what is -38 - -3?
-35
In base 14, what is -2 + -12a?
-12c
In base 3, what is 2121 - 2?
2112
In base 15, what is 435 - -c?
442
In base 12, what is -3a - -43?
5
In base 15, what is -2 + -e?
-11
In base 7, what is 231 + -1?
230
In base 12, what is 5 + -3a?
-35
In base 12, what is -1 + -382?
-383
In base 3, what is 10 + 22000210?
22000220
In base 4, what is -21201 - 11?
-21212
In base 7, what is 1 + 3?
4
In base 6, what is 1 - 104?
-103
In base 2, what is -10110111 - 1000?
-10111111
In base 2, what is 1 + 110011?
110100
In base 15, what is 3 + 2b1?
2b4
In base 12, what is 5 - -1ba?
203
In base 13, what is 24 + -53c?
-518
In base 9, what is -27 + 253?
225
In base 5, what is 1 - -23233?
23234
In base 15, what is 6 + 36c?
373
In base 6, what is -24 + 121?
53
In base 11, what is 13 - -2?
15
In base 3, what is -1110121 - -2?
-1110112
In base 3, what is 21 + -2?
12
In base 8, what is -52 - -4?
-46
In base 6, what is 41 - -2?
43
In base 10, what is 13 + 17?
30
In base 5, what is 43341 - 3?
43333
In base 2, what is 1110011001 - -11?
1110011100
In base 8, what is -24647 - -4?
-24643
In base 15, what is -18a + e?
-17b
In base 6, what is -1545 - 2?
-1551
In base 11, what is -6286 - -5?
-6281
In base 3, what is 102000 + 2011?
111011
In base 4, what is 3211 - 1?
3210
In base 13, what is 3 - -63?
66
In base 4, what is 2 + -31?
-23
In base 12, what is -1338 + -1?
-1339
In base 14, what is 1a1 - 1?
1a0
In base 15, what is 115 - 4?
111
In base 11, what is 29 + -219?
-1a0
In base 3, what is -11 + 21002212?
21002201
In base 13, what is -10 - 8?
-18
In base 3, what is 2 + 11010211?
11010220
In base 4, what is -21 - 30?
-111
In base 10, what is 34 - 36?
-2
In base 5, what is 1 + -10212?
-10211
In base 3, what is -12 - -1220?
1201
In base 8, what is -1 + -23?
-24
In base 12, what is -6a - -3?
-67
In base 3, what is 12 - -12001021?
12001110
In base 13, what is -10 + 5?
-8
In base 14, what is 824 - -3?
827
In base 11, what is -19 + -1a9?
-217
In base 15, what is -4 + -bd6?
-bda
In base 9, what is 5 - -85?
101
In base 16, what is 0 + -bb?
-bb
In base 4, what is 12 + -3203?
-3131
In base 9, what is -2214 + -1?
-2215
In base 11, what is -7 + 263?
257
In base 7, what is 2 + 11425?
11430
In base 15, what is d + 5?
13
In base 9, what is 8 - 187?
-178
In base 15, what is -17 + 80?
68
In base 12, what is 19b + 4?
1a3
In base 3, what is 120 - 2?
111
In base 14, what is -c1 + -5?
-c6
In base 5, what is -10 + 4301?
4241
In base 9, what is 14 + 1084?
1108
In base 8, what is -71 - 207?
-300
In base 5, what is 12023 - 2?
12021
In base 9, what is -66 - -8?
-57
In base 11, what is 4 + -216?
-212
In base 11, what is 6a - -5?
74
In base 10, what is 4 + -780?
-776
In base 2, what is 1111011011011 + 0?
1111011011011
In base 10, what is -1415 + 8?
-1407
In base 9, what is -45 - -41?
-4
In base 3, what is 12 + 10100?
10112
In base 3, what is -20001021 + 2?
-20001012
In base 15, what is c + 89?
96
In base 6, what is -420455 + 1?
-420454
In base 5, what is -3 - -443?
440
In base 8, what is 1542 - -2?
1544
In base 12, what is 6448 - -3?
644b
In base 8, what is -5 - -70?
63
In base 6, what is -30252 + 3?
-30245
In base 4, what is 0 - 332?
-332
In base 6, what is -142 - 2512?
-3054
In base 9, what is 13 + 87?
111
In base 3, what is -21 + 10100?
10002
In base 2, what is 1010101000 - -111?
1010101111
In base 5, what is 442 + 3?
1000
In base 11, what is 13 + 91?
a4
In base 12, what is 3 - -31?
34
In base 14, what is -16 - -4?
-12
In base 7, what is -3 + 4?
1
In base 3, what is 10 + 2001?
2011
In base 12, what is 2a - -b?
39
In base 15, what is -170 + -5?
-175
In base 7, what is 41 + 204?
245
In base 15, what is 2c + 1?
2d
In base 10, what is -59 - -31?
-28
In base 10, what is -118 + 7?
-111
In base 4, what is -2003200 - -3?
-2003131
In base 13, what is -42 - -39?
-6
In base 13, what is 91 - -4?
95
In base 12, what is 5a2 - 12?
590
In base 12, what is -1514 - 3?
-1517
In base 6, what is -4 + 2303?
2255
In base 4, what is 1 + -2220?
-2213
In base 3, what is -22201 - -1001?
-21200
In base 7, what is 1 - -12546?
12550
In base 8, what i